62401631.
41, 1521991
List the prime factors of 60596331.
3, 43, 53, 8863
What are the prime factors of 58229505?
3, 5, 17, 103, 739
What are the prime factors of 17996581?
41, 438941
What are the prime factors of 931793125?
5, 1490869
What are the prime factors of 169657298?
2, 1777, 47737
What are the prime factors of 2337221737?
29, 227, 355039
List the prime factors of 65949508.
2, 16487377
List the prime factors of 916201607.
1609, 569423
What are the prime factors of 3008294747?
167, 18013741
List the prime factors of 1305414627.
3, 11, 19, 109579
List the prime factors of 932648940.
2, 3, 5, 5181383
What are the prime factors of 137981120?
2, 5, 431191
What are the prime factors of 51020692?
2, 269, 47417
List the prime factors of 38407850.
2, 5, 13, 37, 1597
What are the prime factors of 2817426279?
3, 199, 4719307
What are the prime factors of 13067012?
2, 7, 43, 10853
What are the prime factors of 27508011?
3, 61, 191, 787
List the prime factors of 70519202.
2, 13, 1103, 2459
What are the prime factors of 10708654?
2, 11, 486757
What are the prime factors of 1179901?
1179901
What are the prime factors of 669542785?
5, 751, 178307
List the prime factors of 39190391.
167, 234673
What are the prime factors of 694898325?
3, 5, 11, 31, 3019
What are the prime factors of 822125150?
2, 5, 7, 11, 213539
List the prime factors of 1101398404.
2, 275349601
List the prime factors of 342753575.
5, 17, 67, 12037
What are the prime factors of 308340638?
2, 154170319
What are the prime factors of 68248347?
3, 22749449
List the prime factors of 90566186.
2, 45283093
List the prime factors of 9352070.
2, 5, 7, 13, 43, 239
List the prime factors of 111477534.
2, 3, 7, 17, 156131
What are the prime factors of 651185528?
2, 7, 2609, 4457
List the prime factors of 520761496.
2, 757, 85991
What are the prime factors of 13716313?
13, 359, 2939
List the prime factors of 430893.
3, 15959
List the prime factors of 31518527.
17, 43, 43117
What are the prime factors of 124768025?
5, 31, 199, 809
List the prime factors of 9746269.
13, 59, 97, 131
List the prime factors of 2870377836.
2, 3, 239198153
What are the prime factors of 537060222?
2, 3, 29, 109, 9439
What are the prime factors of 37835562?
2, 3, 31, 203417
What are the prime factors of 109206405?
3, 5, 7, 11, 31517
What are the prime factors of 75382589?
53, 59, 24107
List the prime factors of 24725835.
3, 5, 29, 18947
List the prime factors of 82988174.
2, 199, 208513
What are the prime factors of 182169084?
2, 3, 109, 139273
What are the prime factors of 867156193?
18427, 47059
What are the prime factors of 9804483?
3, 13, 9311
What are the prime factors of 102663615?
3, 5, 1193, 5737
List the prime factors of 3081084055.
5, 7, 88030973
What are the prime factors of 217364406?
2, 3, 7, 5175343
List the prime factors of 1156369488.
2, 3, 19, 131, 9679
List the prime factors of 71112255.
3, 5, 4740817
What are the prime factors of 2744706651?
3, 61, 14998397
What are the prime factors of 6663746707?
347, 19203881
What are the prime factors of 2194529257?
449, 4887593
List the prime factors of 417152418.
2, 3, 69525403
What are the prime factors of 185155379?
421, 439799
List the prime factors of 416910728.
2, 13, 29, 137, 1009
What are the prime factors of 175135433?
11, 3221, 4943
List the prime factors of 7448621389.
11, 677147399
What are the prime factors of 89105596?
2, 22276399
List the prime factors of 4047421906.
2, 11, 1193, 154211
What are the prime factors of 280483011?
3, 641, 48619
List the prime factors of 1961517285.
3, 5, 7, 13, 41, 1669
What are the prime factors of 430044250?
2, 5, 1720177
List the prime factors of 361620517.
29, 107, 116539
List the prime factors of 7403582132.
2, 509, 1031, 3527
List the prime factors of 330162759.
3, 36684751
What are the prime factors of 23094363?
3, 7698121
What are the prime factors of 460111244?
2, 67, 773, 2221
List the prime factors of 16249641.
3, 53, 102199
What are the prime factors of 17572618?
2, 7, 1255187
What are the prime factors of 1272075240?
2, 3, 5, 181, 58567
What are the prime factors of 1628092807?
11, 148008437
List the prime factors of 148933682.
2, 43, 307, 5641
List the prime factors of 22024465.
5, 73, 83, 727
What are the prime factors of 16041295?
5, 139, 23081
List the prime factors of 908688881.
6011, 151171
What are the prime factors of 371376624?
2, 3, 859, 9007
What are the prime factors of 2295704149?
39727, 57787
What are the prime factors of 715033694?
2, 653, 547499
What are the prime factors of 1401476608?
2, 7, 163, 2399
List the prime factors of 3791599.
7, 541657
List the prime factors of 171029866.
2, 7, 12216419
List the prime factors of 92501041.
43, 311, 6917
List the prime factors of 12637339.
11, 13, 67, 1319
What are the prime factors of 2668766840?
2, 5, 743, 89797
List the prime factors of 3162713591.
541, 5846051
What are the prime factors of 559232644?
2, 139808161
List the prime factors of 5382811192.
2, 11, 59, 1036751
List the prime factors of 57445060.
2, 5, 449, 6397
What are the prime factors of 115824676?
2, 11, 2632379
List the prime factors of 36124573.
36124573
List the prime factors of 69965482.
2, 34982741
List the prime factors of 625638582.
2, 3, 4259, 8161
List the prime factors of 1190391148.
2, 709, 419743
What are the prime factors of 42199530?
2, 3, 5, 1406651
What are the prime factors of 369186488?
2, 11, 109, 3499
List the prime factors of 43361105.
5, 199, 43579
List the prime factors of 1721714733.
3, 83, 2304839
List the prime factors of 217757288.
2, 7, 29, 134087
What are the prime factors of 519197420?
2, 5, 7, 19, 10273
What are the prime factors of 22046738?
2, 7, 103, 15289
List the prime factors of 74594558.
2, 167, 223337
List the prime factors of 70506835.
5, 7, 287783
What are the prime factors of 94030135?
5, 37, 508271
List the prime factors of 731715830.
2, 5, 73171583
What are the prime factors of 26550106?
2, 11, 19, 3343
List the prime factors of 3133316.
2, 783329
List the prime factors of 222504355.
5, 44500871
List the prime factors of 49947367.
29, 1722323
What are the prime factors of 395461780?
2, 5, 7, 61, 46307
List the prime factors of 454046576.
2, 28377911
What are the prime factors of 143624719?
7, 23, 892079
What are the prime factors of 75299055?
3, 5, 13, 386149
What are the prime factors of 89708826?
2, 3, 14951471
What are the prime factors of 14226632?
2, 7, 254047
What are the prime factors of 670237924?
2, 167559481
What are the prime factors of 3367227540?
2, 3, 5, 71, 790429
What are the prime factors of 399328896?
2, 3, 557, 1867
List the prime factors of 1637672706.
2, 3, 90981817
What are the prime factors of 30799811?
7, 4399973
List the prime factors of 2774747966.
2, 1387373983
What are the prime factors of 493517661?
3, 7, 13, 79, 467
List the prime factors of 502513194.
2, 3, 2099, 39901
List the prime factors of 906566963.
103, 331, 26591
List the prime factors of 204084389.
1553, 131413
List the prime factors of 16983435.
3, 5, 7, 19, 8513
List the prime factors of 3380329418.
2, 3307, 511087
What are the prime factors of 144657370?
2, 5, 11, 13, 101159
List the prime factors of 334031030.
2, 5, 337, 99119
What are the prime factors of 269812084?
2, 19, 83, 42773
What are the prime factors of 4302827407?
17359, 247873
List the prime factors of 238884569.
7, 11, 59, 52583
What are the prime factors of 42416918?
2, 1201, 17659
List the prime factors of 300342857.
300342857
What are the prime factors of 139916076?
2, 3, 19, 613667
List the prime factors of 127924879.
31, 41, 100649
List the prime factors of 11460865.
5, 13, 176321
What are the prime factors of 128877363?
3, 29, 17027
List the prime factors of 5620605076.
2, 17, 67, 18413
What are the prime factors of 29014425?
3, 5, 11, 19, 617
List the prime factors of 260073648.
2, 3, 127, 14221
What are the prime factors of 114236180?
2, 5, 5711809
What are the prime factors of 32253435?
3, 5, 716743
List the prime factors of 589445388.
2, 3, 7, 251, 9319
List the prime factors of 104677569.
3, 3876947
What are the prime factors of 232373569?
8179, 28411
List the prime factors of 409584364.
2, 7, 3433, 4261
List the prime factors of 1932607576.
2, 1579, 152993
List the pr